se -6 = -3*f, -y = -2*w - 3*w + 3*f. What are the prime factors of w?
2, 3
Let a(s) = 3*s + 2. Let u be a(1). Suppose u*g - 1404 = -g. Suppose l + l = g. What are the prime factors of l?
3, 13
Suppose -11 = -5*z - h, 5*h + 0 + 3 = 4*z. Suppose -u - 540 - 64 = -f, -z*f + 1208 = u. List the prime factors of f.
2, 151
Let f(m) = -m**3 - 130*m**2 + 251*m - 426. List the prime factors of f(-134).
2, 3, 1049
Suppose -4*m + 0*c - c + 37 = 0, 3*m - 29 = -2*c. Suppose 0 = 6*s + m*s - 165. What are the prime factors of s?
11
Let q(r) = 14*r**2 - 20*r + 40. List the prime factors of q(-16).
2, 17, 29
Let n(f) = -3*f + 19. Let a be n(4). Suppose 2*x - a*x = -35. Suppose x - 39 = -4*k. What are the prime factors of k?
2
Suppose -2*t + 5*h + 4388 = 0, 4*h = -6*t + 5969 + 7157. What are the prime factors of t?
11, 199
List the prime factors of -11 + 1071/99 - (-61580)/11.
2, 3, 311
Let c = -415 + 414. What are the prime factors of c/3 - 582/(-18)?
2
Suppose 0*i + 2*i - 4*y = -8, -3*y = 3*i - 15. Let f be (0*i/4*-2)/1. Suppose 13*n - 17*n + 12 = f. List the prime factors of n.
3
Let b(k) = -135 + 59 - 110 + 26*k + 3*k**2 - k**2. What are the prime factors of b(9)?
2, 3, 5, 7
Suppose -28*k + 131386 = -314428 + 101078. What are the prime factors of k?
2, 3, 19
Let z be 2/10 - (36/20)/9. Suppose -6 = 3*y, -9*r + 7*r + 4*y + 774 = z. List the prime factors of r.
383
Let p(i) = -8*i - 44. Let o(a) = a + 2. Let u(y) = -156*o(y) - 6*p(y). What are the prime factors of u(-6)?
2, 3, 5
Let c be (63/140)/(3/14) + (-2)/20. Let s(x) be the second derivative of 5*x**3/3 + 5*x**2/2 - 2*x. List the prime factors of s(c).
5
Let r = -6082 - -9484. Suppose -16*z + r + 5494 = 0. List the prime factors of z.
2, 139
Let u(z) be the third derivative of -2*z**2 + 0*z + 1/6*z**3 + 1/24*z**4 + 0 + 113/60*z**5. List the prime factors of u(-1).
113
Suppose -5*y + 2222 = 872. Suppose 159 - 44 = s. Let d = y - s. What are the prime factors of d?
5, 31
Let g = 4840 - -278. Let t = g - 3626. What are the prime factors of t?
2, 373
List the prime factors of (-19 - 322/(-14))/((-6838)/(-6836) + -1).
2, 1709
Let h = 47 - 41. Suppose -26 = -5*l - h. Suppose 23 = l*y - 389. What are the prime factors of y?
103
Let i(q) = 82*q**2 - 622*q + 7369. What are the prime factors of i(12)?
13, 17, 53
Let k(y) = -y**3 + y**2 - y. Let p(i) = 3*i**3 - 19*i**2 - 8*i + 58. Let n(o) = -2*k(o) - p(o). List the prime factors of n(17).
2, 7
Let w = 9013 + -8637. What are the prime factors of w?
2, 47
Suppose -1446 + 16634 = 7*a - 9620. List the prime factors of a.
2, 443
Let c be 21*-4*(-175)/42. Let g = 929 - c. What are the prime factors of g?
3, 193
Suppose -7*f + 6*f = -14. Let j(o) = -3*o - 40*o - f - 13. What are the prime factors of j(-3)?
2, 3, 17
Suppose 8*x - 5*x = 117. Let r be (2/6*-2)/((-4)/12). Let i = x + r. What are the prime factors of i?
41
Suppose 0*z - 10544 = -16*z. Suppose -666*o + z*o = -49. List the prime factors of o.
7
Let f be 4 - (-3 - (0 + 4 + 14)). List the prime factors of (9 + 3 + 1)*(f - -2).
3, 13
Let y = 7983 + -1459. List the prime factors of y.
2, 7, 233
List the prime factors of 3*(683735/429 + (-6)/(-11)).
4783
Suppose 964*t - 961*t = -5*i + 16351, 0 = 5*t - 10. What are the prime factors of i?
7, 467
Suppose 2*c = -3*f - 33 + 91, -3*c = 4*f - 79. Suppose -f*x + 15510 = -6*x. What are the prime factors of x?
3, 11, 47
Let m = 87 + -85. Suppose m*s - 501 = 287. List the prime factors of s.
2, 197
Suppose -3*p = p - 8. Suppose 5*l - j - 7 = 6, -11 = -5*l + p*j. Suppose -2*g + 5*x = -25, -5*g + 0*x + 47 = l*x. What are the prime factors of g?
2, 5
Let i = -253 - 189. Let v = -199 - i. List the prime factors of v.
3
Let b(t) be the third derivative of -t**6/120 + t**5/30 - 7*t**4/12 + 2*t**3/3 - 46*t**2. What are the prime factors of b(-5)?
3, 83
Suppose 0 = -22*v + 4*v + 16200. Suppose -i - 1295 = -3*b + v, 4*b - 2*i - 2926 = 0. What are the prime factors of b?
2, 3, 61
Let z be ((-295)/(-10))/((-1)/2). Let p = z - 9. Let x = -14 - p. What are the prime factors of x?
2, 3
Let f(k) = 15*k**2 + 25*k - 6. Let i = 353 - 349. List the prime factors of f(i).
2, 167
Let o = -3471 - -4039. What are the prime factors of o?
2, 71
What are the prime factors of (-1 - (-5)/3)/(31/856995)?
2, 5, 19, 97
Let r(g) = -2*g**3 - 2*g**2 + 8*g - 3. Let h be -6 + 2*(-4)/8*-3. Let y be 1*h + (-5)/5. List the prime factors of r(y).
61
Let n = -20 + 24. Suppose -2*u + 51 + 345 = -n*s, 198 = u + s. Suppose 3*c = f + u - 5, 3*c + 3*f - 213 = 0. What are the prime factors of c?
2, 3, 11
Suppose 2*x - 153420 = 4*b, 5*x - 3*b - 48980 - 334507 = 0. List the prime factors of x.
2, 3, 7, 11, 83
Suppose -6*z - 2*g = -8*z + 9266, 4*z + 4*g - 18516 = 0. List the prime factors of z.
11, 421
Let u(n) = 1. Let j(b) = -29*b + 11. Let m(r) = j(r) - 5*u(r). What are the prime factors of m(-9)?
3, 89
Let t(c) be the first derivative of -c**3/3 + c**2 + 4*c + 7. Let r be t(2). Suppose r*b - 248 = 80. What are the prime factors of b?
2, 41
Suppose -162*j = -157*j + u - 56327, 5*j - 56315 = -5*u. What are the prime factors of j?
2, 43, 131
Let y(h) = -23*h + 111*h**2 + 13*h + 6 + 3*h. List the prime factors of y(1).
2, 5, 11
Suppose 2*a + 1718 = n, 2*a = n + 4*a - 1718. Let s = n + -1042. List the prime factors of s.
2, 13
Let i = 605 - 381. Let q = i - 123. Let f = q + -50. What are the prime factors of f?
3, 17
Let w = 33803 - 23404. List the prime factors of w.
10399
Suppose -2*g - 8 = -7*g - d, 2*g - 14 = 5*d. Suppose v + 4 + 4 = -g*c, 5*v + 8 = -2*c. List the prime factors of v/(1 + -3) - -49.
7
Let s(k) = 18*k - 60. Let z(w) = 2*w**2 + 15*w + 25. Let q be z(-6). Suppose -30 = -q*f + 5*f. List the prime factors of s(f).
2, 3, 5, 7
Let z be ((-3)/2)/((-7)/(-14)). Let b be -6*(z + -1)/8. Suppose -4*w - b*l = -307, w - 3*l = 4*w - 234. What are the prime factors of w?
73
Let p(i) = 13*i + 6408*i**3 - 6407*i**3 - 6*i**2 - 4 - 3. What are the prime factors of p(5)?
3, 11
Let n(i) = 3*i**3 - 2*i**2 - 12*i + 13. Let l be n(1). Suppose -2*g + 5*y + 2565 = 0, -l*y + 3*y = -3*g + 3873. What are the prime factors of g?
2, 3, 5, 43
List the prime factors of (-190)/(38/2)*((-3331)/2 - 2).
5, 23, 29
Let r = -25130 - -58570. What are the prime factors of r?
2, 5, 11, 19
Suppose 0 = i + 3*o - 373, -3*i - 2*o + 1140 = -0*i. Suppose -5*v - 1610 = -5*s, 4*s = -v + i + 921. List the prime factors of s.
5, 13
Let j = 2111 - 1956. List the prime factors of j.
5, 31
Let p(r) = 373*r**2 - 521*r + 11. What are the prime factors of p(6)?
10313
Let m(a) be the first derivative of 9*a**4/4 + 17*a**2/2 - 4*a + 70. List the prime factors of m(4).
2, 5
Suppose -19 = y - 4*m + 3, -2*y - 3*m = 0. What are the prime factors of (-45)/y*(-776)/(-5)?
2, 3, 97
Let o be (-2)/6*-11998 - 3/9. Suppose 2*m = -5*a + o, -12*a + m = -13*a + 798. What are the prime factors of a?
3, 89
Let o(y) = -435*y - 190. Let r be o(-34). Suppose 478 = 21*v - r. What are the prime factors of v?
2, 359
Let x be (21 + 7)*644/16. Let d = x - 787. List the prime factors of d.
2, 5, 17
Let k = -3071 + 5178. What are the prime factors of k?
7, 43
Let h = 20 + -18. Let z(v) = 3*v - 3. Let p be z(h). Suppose -p*w + 8*m = 3*m - 195, 2*w + 3*m = 111. List the prime factors of w.
2, 3, 5
Suppose -6*c = 5*z - 4*c - 2781, 4*z = 4*c + 2208. Let j = 904 - z. What are the prime factors of j?
349
Let l be 1 + 1756 - (-2 + -2). Suppose -2*k = 3*j - 24, -k = -2*k + 5*j + 12. Suppose 891 = k*g - l. List the prime factors of g.
13, 17
Let w(o) = 954*o**2 - 11*o - 21. List the prime factors of w(-3).
2, 3, 1433
Let n(j) = 2*j**2 - 5*j + 61. Suppose 18 = 2*b + r, -b + r = 4*b - 59. List the prime factors of n(b).
2, 31
Suppose 3*r - 237 = -3*c + 51, -2*c + 2*r = -192. Let f be 48/9*-6 - 0. Let x = c + f. What are the prime factors of x?
2
Suppose -10*k + 15*k + 125 = 0. Let p(t) = -32*t + 364. What are the prime factors of p(k)?
2, 3, 97
Suppose -3*y - 5*v + v = -23, -v = -5*y. Let g(c) = 23*c**3 + 2*c**2 - 3*c + 2. Let m be g(y). Suppose o - 8 = m. List the prime factors of o.
2
Let i = -60 + 107. Suppose 787 = 5*g + i. What are the prime factors of g?
2, 37
Let a = -13853 - -29389. What are the prime factors of a?
2, 971
Let z be (24/(-15))/4*-5. Suppose z*m - 1300 = -5*j - 68, -3*j + 5*m + 76